 -6. List the prime factors of v.
2
Let l = 3 + -9. Let r = l + 16. List the prime factors of r.
2, 5
Let t(a) = a**2 + 2*a - 1. Let q be t(-3). Suppose -5*k = -q*x - 279, 5*k = x + 202 + 80. What are the prime factors of k?
3, 19
Let h(f) = -f**3 - 6*f**2 + 4*f + 10. List the prime factors of h(-7).
31
Let l be 1 + -2 - (0 + -6). Let z(o) = -o**3 + 6*o**2 + 2*o + 6. Let f be z(l). Suppose -4*t = -f + 13. List the prime factors of t.
7
Let q(l) = -l + 5. Let w be q(0). Suppose 0 = 3*y - 5*u - 60, -5*y - w*u = -4*y. What are the prime factors of y?
3, 5
Let g(v) be the third derivative of -v**6/120 - 2*v**5/15 - 5*v**4/12 - 5*v**3/3 - 2*v**2. List the prime factors of g(-7).
11
Let h(f) = f**3 + 9*f**2 + 4*f - 9. List the prime factors of h(-6).
3, 5
Let m(s) = 7*s**3 - 6*s**3 + 10 - 9*s**2 + 10*s**2 + 9*s**2 - 4*s. What are the prime factors of m(-10)?
2, 5
Let l(z) = z**2 + z - 53. What are the prime factors of l(12)?
103
Suppose -r = 4*z - 779, -z + 179 = -7*r + 2*r. What are the prime factors of z?
2, 97
Let g(h) = h**2 - 8*h - 8. What are the prime factors of g(17)?
5, 29
Suppose 3*w + 46 + 13 = -4*m, -61 = 4*m + 5*w. Let u = -7 - m. Suppose 2*t = -4*k + 6, -4*t + 2*k = u*k - 15. What are the prime factors of t?
5
Let z(v) = -v**2 + 8*v + 5. Let j be z(9). Let y(q) = 2*q**2 + 4*q - 5. What are the prime factors of y(j)?
11
Let q be ((-3)/6)/((-3)/(-42)). List the prime factors of 15 + -2 + (-2 - q).
2, 3
Let n(l) be the third derivative of l**5/60 + l**4/24 + 3*l**3 + l**2. Let t be n(0). List the prime factors of t/4*(-4)/(-3).
2, 3
Let r be (-15)/6*(-2 - 0). Let v = 13 - r. List the prime factors of v.
2
What are the prime factors of -63*4/((-12)/3)?
3, 7
Suppose -s = -4*s + 3. List the prime factors of (15/(-3) - s)/(-2).
3
Let m(h) = -h**2 + 3 - 3 + 5 + 12*h. Let x be m(12). Suppose 36 = x*j - j. List the prime factors of j.
3
Let z be (4/2)/((-2)/(-3)). Suppose -5*j = -t - 2*t - 37, 0 = 3*j + z*t - 27. Let x(w) = -w + 11. List the prime factors of x(j).
3
Suppose 0 = f - 7 - 24. What are the prime factors of f?
31
Let u = -87 - -190. List the prime factors of u.
103
Suppose -5*x = -21 - 9. What are the prime factors of (-50)/x*(-1 + -2)?
5
Let t(a) = 2*a**3 - 4*a + 3. Let f(d) = -2 - 4*d + d - d**2 - d. Let o be f(-2). List the prime factors of t(o).
11
Let h(i) = 2*i**2 - 3*i + 2. Let u = -3 + 6. List the prime factors of h(u).
11
Let h be 2/5 - 2/5. Suppose 5*c - 127 - 98 = h. Suppose c = 2*k + 3*k. List the prime factors of k.
3
Suppose -308 = 2*u + 4*f, u + f + 0*f + 156 = 0. Let o = 88 + u. Let z = -46 - o. List the prime factors of z.
2, 3
Suppose 2*o + 2*o - 28 = 0. Suppose 0 = 4*l - w - 35, 0 = 5*l - 2*w - 39 - o. What are the prime factors of (l/12)/((-1)/(-3))?
2
Let w(j) = j**3 + 5*j**2 + 2*j + 2. Let b = 6 - 9. What are the prime factors of w(b)?
2, 7
Let w = 89 + -58. Let r = -62 - w. List the prime factors of r/(-9) + (-3)/9.
2, 5
Suppose 2*i = 4*i + 6. Let k = i + 5. List the prime factors of (k - 0)*(7 - -1).
2
Let w = -2 + 5. Suppose 2*z = 6*z - w*c - 172, -2*c = 8. List the prime factors of z.
2, 5
Let h(a) = -a**2 + 21*a + 5. What are the prime factors of h(17)?
73
List the prime factors of 26/(-117) + (-281)/(-9).
31
Suppose -5*w = -8*w + 6, w - 7 = -c. Suppose -c*g = o - 57, 4*o = 5*g - 26 - 21. List the prime factors of g.
11
Let k(c) = c + 3. Let q(m) = m**3 + m**2 - 2*m - 3. Let o be q(-2). Let j be k(o). Suppose -s + 2*s = -5*y + 60, j = -2*s. What are the prime factors of y?
2, 3
Suppose g = -5*n + 3, 6 = 2*g - n - 0. Suppose -g = -x + 2. Suppose 7*z - 22 = x*z. What are the prime factors of z?
11
List the prime factors of (-6)/14 + 32175/105.
2, 3, 17
Let v(y) = 2*y**3 + 4*y**2 + 2*y - 2. Let d(m) = m + 4. Let k be d(-6). Let q be v(k). List the prime factors of q/(-21) + (-234)/(-14).
17
Let h(a) be the first derivative of -a**4/4 + 2*a**3 + a**2/2 - 5*a - 3. Let m be h(6). What are the prime factors of 1 + m + (-4 - -9)?
7
Let i = 162 - -122. List the prime factors of i.
2, 71
Let n be 61/7 - 12/(-42). Suppose -r + n + 12 = 2*o, -r - 5*o + 21 = 0. Let d = r + -14. What are the prime factors of d?
7
Let q = 33 + -30. What are the prime factors of q?
3
Suppose -75 = -13*w + 8*w. What are the prime factors of w?
3, 5
Let i(z) = -z**2 + 8*z + 6. Let k be i(8). Let t = 15 - k. List the prime factors of t.
3
Let w = 1 - 8. Let v = w - -11. What are the prime factors of v?
2
Let r be (1 + 0)*(0 - 5). Let c be 1 + 1 + (-4 - r). Suppose q = 3*y - 2, q + c*q - 12 = 2*y. List the prime factors of y.
2
Let f(z) = 48*z + 1. List the prime factors of f(1).
7
Suppose 0 = -3*z + 4*o - 181, -2*z - 5*o + 116 = -4*z. List the prime factors of 274/18 + 14/z.
3, 5
Let l(w) = w**3 + w**2 - 2*w - 1. Let m be l(-1). List the prime factors of (m*-2)/((-1)/5).
2, 5
Let h(a) = a - 8*a + 3 - 2*a. Let n be h(-3). Suppose n = 3*f - 3. What are the prime factors of f?
11
Suppose -2*a + 5*a = 5*t + 79, t - 1 = 0. List the prime factors of a.
2, 7
Suppose 0 = -5*y - 31 + 1. Suppose 13 = -2*k + k. What are the prime factors of k/(-2) - (-9)/y?
5
List the prime factors of ((-93)/4)/((-6)/16).
2, 31
Suppose 2*v - 6 = -0*v. Suppose 2*d - 13 = -v. What are the prime factors of (-2 + d)/(-3) - -3?
2
Suppose 5*d - 8*d + 14 = n, -5*d = 3*n - 30. List the prime factors of d.
3
Suppose 4*o - 4*w = 5*o + 24, 12 = -4*o + 5*w. Let y = o - -29. What are the prime factors of y?
3, 7
Suppose w + 200 = 5*y, 205 = 2*y + 3*y - 2*w. What are the prime factors of y?
3, 13
Let r = -20 - -50. Let v be (r/4)/((-6)/(-152)). What are the prime factors of 2/6 + v/15?
13
Let f = 19 - 31. Let a = f + 18. What are the prime factors of a?
2, 3
What are the prime factors of (-4635)/(-81) + (-2)/9?
3, 19
Suppose 0 = 2*m - 5*g + 27, 6 = 2*g - 4. What are the prime factors of 2/1 - m - -16?
19
Let u(p) = -p**2 - 7*p - 9. Let q be u(-6). Let b be q*2/(-4)*6. Let h(k) = k**3 - 8*k**2 - 8*k - 4. List the prime factors of h(b).
5
Suppose -d - 20 = -4*d - 5*a, 5*a + 20 = 5*d. Suppose 0*h + 42 = -h + 2*l, d*l + 220 = -4*h. List the prime factors of (8/(-10))/(2/h).
2, 5
Let h(v) = -v**2 + 16*v + 5. What are the prime factors of h(11)?
2, 3, 5
Suppose -6*m + 93 = 3*n - m, -5*n + 165 = 5*m. Suppose 2*c + 0*c - n = 0. Suppose -4*j - c = b, 2*b + 4*j + 12 = -2*b. List the prime factors of b.
2
Suppose -n = -h + 125, 2*h - 3*n = -2*h + 501. What are the prime factors of h?
2, 3, 7
Let q be (0/2)/(6 + -8). Suppose q = -4*y + 2*t - 4 + 24, 14 = y - 5*t. List the prime factors of y.
2
Let v = 24 + 14. Suppose -133 = -5*n + 2. Let s = v - n. List the prime factors of s.
11
What are the prime factors of -45*12/((-4)/1)?
3, 5
Suppose -3*l + 6*l = 63. List the prime factors of l.
3, 7
Let x(h) = -2*h + 1. Let a be x(2). Let d be (0 + a + -4)*-1. Suppose 4*n - d = 41. List the prime factors of n.
2, 3
Suppose 2*d - 3*i + 1 - 134 = 0, 232 = 3*d + 2*i. List the prime factors of d.
2, 37
Let o = 60 - 23. What are the prime factors of o?
37
Let v be -2*(13/2 + -2). Let d(f) = -f**2 - 10*f - 7. Let t be d(v). Suppose n - t = 2. List the prime factors of n.
2
Let a(t) = 3*t**3 + t**2 - 1. Let y be a(-1). Let m = -1 - y. Suppose -o = u - 17, 5*u - m*u - 6 = 0. What are the prime factors of o?
3, 5
Suppose 0 = -0*m - m - 6. What are the prime factors of 16*1 - (m - -7)?
3, 5
Suppose -5*u - 5*c - 2 + 22 = 0, -4 = -5*u - c. Suppose 5 = m - 2*n, -2*n + u = 2. Suppose 10 = 2*y + m*y. List the prime factors of y.
2
Let b = 2 + -2. Suppose b = -x - 4*x + 115. Suppose 5*u - x - 32 = 0. What are the prime factors of u?
11
Suppose 2*s - 9 = 11. Suppose -2 - s = -2*n. Suppose 3*c + 35 = n*c - o, -c - 2*o + 21 = 0. List the prime factors of c.
13
Let d(p) = -p**3 - 10*p**2 + p + 10. Let z be d(-10). Suppose -4*w + w + 9 = z. List the prime factors of w.
3
Let w(v) = 68*v**2 + 2*v + 1. Let k be w(-1). Suppose 0 = 4*r - 5 - k. List the prime factors of r.
2, 3
Let y = 15 + 0. Let f = y + 0. List the prime factors of f.
3, 5
Suppose -3*w + n + 0*n + 20 = 0, -3*n - 15 = 0. Suppose w*q + 20 = 225. Suppose -q + 14 = -3*b. List the prime factors of b.
3
Let r(k) = 46*k + 3. What are the prime factors of r(4)?
11, 17
Let o = -5 - -17. What are the prime factors of o?
2, 3
Let i(a) = a + 6. Let m be i(-7). Let o =